ivide 11110?
True
Is 2091402 a multiple of 12?
False
Is 210 a factor of 1253280?
True
Is 985928 a multiple of 56?
False
Does 139 divide 84929?
True
Is 694 a factor of 14823146?
True
Is 296849 a multiple of 8?
False
Does 13 divide 119054?
True
Is 7 a factor of 71938?
False
Does 237 divide 145383?
False
Is 637 a factor of 1383800?
False
Is 8 a factor of 78448?
True
Does 583 divide 7561176?
False
Is 523 a factor of 2092968?
False
Does 157 divide 131904?
False
Is 1611 a factor of 7853625?
True
Is 33 a factor of 5262979?
False
Is 254359 a multiple of 404?
False
Is 23 a factor of 154087?
False
Does 646 divide 1582858?
False
Is 22081346 a multiple of 456?
False
Is 45 a factor of 99985?
False
Does 980 divide 6138720?
True
Is 5 a factor of 401740?
True
Is 2089017 a multiple of 480?
False
Is 23 a factor of 16216794?
True
Is 5 a factor of 2501034?
False
Is 2447802 a multiple of 355?
False
Is 127 a factor of 358648?
True
Does 56 divide 10304?
True
Is 84 a factor of 449822?
False
Is 3 a factor of 87277?
False
Is 9 a factor of 8431425?
True
Is 1894400 a multiple of 400?
True
Does 41 divide 261006?
True
Does 182 divide 34216?
True
Is 2663914 a multiple of 513?
False
Does 43 divide 46598?
False
Does 1088 divide 7884832?
False
Is 2099196 a multiple of 342?
True
Is 63978 a multiple of 107?
False
Does 65 divide 752180?
True
Does 17 divide 7492936?
False
Is 14 a factor of 483285?
False
Is 9 a factor of 1498419?
True
Is 50 a factor of 676350?
True
Is 43 a factor of 69180?
False
Is 875269 a multiple of 5?
False
Is 350760 a multiple of 237?
True
Is 29 a factor of 2180565?
False
Does 25 divide 16804550?
True
Is 23 a factor of 1210374?
False
Is 102 a factor of 135090?
False
Is 50490 a multiple of 90?
True
Is 98 a factor of 638204?
False
Does 20 divide 74080?
True
Is 27 a factor of 197693?
False
Is 1069068 a multiple of 91?
True
Does 119 divide 1010548?
True
Does 134 divide 3946054?
False
Is 5 a factor of 4150081?
False
Is 3242126 a multiple of 58?
False
Is 54 a factor of 90177?
False
Is 324064 a multiple of 63?
False
Does 13 divide 36985?
True
Is 82 a factor of 3968?
False
Is 13 a factor of 446680?
True
Does 186 divide 1382166?
True
Is 36850 a multiple of 5?
True
Does 241 divide 182196?
True
Is 9210810 a multiple of 690?
True
Is 27 a factor of 17793?
True
Does 13 divide 917657?
True
Is 10 a factor of 18864392?
False
Is 258 a factor of 535551?
False
Is 406720 a multiple of 5?
True
Is 126576 a multiple of 27?
True
Does 22 divide 142208?
True
Is 1319003 a multiple of 11?
False
Does 13 divide 17004156?
True
Is 4196 a multiple of 2?
True
Is 31 a factor of 9197204?
True
Is 70785 a multiple of 15?
True
Is 39648 a multiple of 59?
True
Is 110 a factor of 208340?
True
Is 36 a factor of 7151532?
False
Is 5184 a multiple of 9?
True
Is 4352540 a multiple of 5?
True
Is 104400 a multiple of 48?
True
Does 432 divide 686160?
False
Does 38 divide 401875?
False
Is 1293 a factor of 1843818?
True
Is 54 a factor of 5503734?
True
Does 658 divide 194590?
False
Is 14 a factor of 951595?
False
Is 3922968 a multiple of 12?
True
Is 3226359 a multiple of 290?
False
Is 323 a factor of 418135?
False
Is 747460 a multiple of 4?
True
Is 346 a factor of 50825?
False
Is 189 a factor of 1553559?
False
Is 50 a factor of 489553?
False
Is 59 a factor of 2495877?
True
Does 251 divide 4101760?
False
Is 25 a factor of 150179?
False
Does 1399 divide 336550?
False
Does 290 divide 288260?
True
Is 807054 a multiple of 207?
False
Does 11 divide 522566?
True
Is 8 a factor of 67379?
False
Is 195 a factor of 1599780?
True
Is 244509 a multiple of 15?
False
Is 585712 a multiple of 27?
False
Is 41 a factor of 1394?
True
Does 125 divide 1029243?
False
Is 83 a factor of 273467?
False
Does 106 divide 93871?
False
Is 280 a factor of 17962457?
False
Is 1004269 a multiple of 881?
False
Is 285 a factor of 190950?
True
Is 224 a factor of 381389?
False
Does 81 divide 131139?
True
Is 25 a factor of 213175?
True
Is 67233 a multiple of 73?
True
Is 1477363 a multiple of 43?
False
Is 22 a factor of 1107307?
False
Does 21 divide 214626?
False
Does 100 divide 22124700?
True
Does 731 divide 19179978?
True
Is 327880 a multiple of 10?
True
Does 6 divide 26280?
True
Is 5289132 a multiple of 116?
False
Is 22 a factor of 29822?
False
Is 166565 a multiple of 14?
False
Does 124 divide 141912?
False
Is 1423165 a multiple of 10?
False
Does 334 divide 662990?
True
Is 1770454 a multiple of 13?
False
Is 25792 a multiple of 55?
False
Does 99 divide 5803380?
True
Is 884 a factor of 2987036?
True
Is 21 a factor of 871715?
False
Is 309047 a multiple of 199?
True
Is 341590 a multiple of 8?
False
Is 5 a factor of 590260?
True
Is 5802900 a multiple of 150?
True
Is 1942691 a multiple of 41?
False
Is 7 a factor of 10740493?
False
Is 3 a factor of 3679102?
False
Is 79 a factor of 253037?
True
Is 83 a factor of 284358?
True
Is 1529 a factor of 6756764?
False
Does 2843 divide 22327045?
False
Does 48 divide 3209602?
False
Is 19 a factor of 110485?
True
Is 1607842 a multiple of 47?
False
Is 33259824 a multiple of 26?
True
Is 4825590 a multiple of 42?
True
Is 25 a factor of 5876475?
True
Does 13 divide 294164?
True
Is 769760 a multiple of 566?
True
Is 1350958 a multiple of 14?
True
Is 13 a factor of 286537?
False
Does 156 divide 4658?
False
Does 30 divide 496408?
False
Does 10 divide 210360?
True
Is 14 a factor of 1243088?
True
Is 590 a factor of 963948?
False
Does 2 divide 51074?
True
Is 242 a factor of 1644632?
True
Is 33 a factor of 389499?
True
Is 34 a factor of 8952030?
True
Is 59 a factor of 17246643?
False
Does 31 divide 58748?
False
Does 12 divide 127932?
True
Does 11 divide 4981338?
False
Is 142 a factor of 98548?
True
Does 44 divide 640277?
False
Is 174 a factor of 568633?
False
Does 141 divide 8611434?
True
Is 85986 a multiple of 51?
True
Is 14 a factor of 931382?
False
Is 2861576 a multiple of 53?
True
Is 52 a factor of 1674779?
False
Does 16 divide 249984?
True
Is 505426 a multiple of 80?
False
Does 42 divide 100808?
False
Is 27 a factor of 108470?
False
Is 540 a factor of 2911140?
True
Is 3039086 even?
True
Does 11 divide 23609?
False
Is 662 a factor of 348059?
False
Does 48 divide 7819536?
True
Is 33 a factor of 7107468?
False
Does 39 divide 128817?
True
Is 114 a factor of 455430?
True
Is 3038301 a multiple of 87?
True
Is 1526866 a multiple of 59?
False
Is 1439328 a multiple of 4?
True
Is 177038 a multiple of 34?
True
Is 2655876 a multiple of 204?
True
Is 6482 a multiple of 57?
False
Is 56 a factor of 6830056?
False
Is 103 a factor of 8721937?
True
Is 194928 a multiple of 49?
False
Does 1438 divide 28164829?
False
Is 31990 a multiple of 14?
True
Is 181146 a multiple of 38?
True
Is 178 a factor of 22157?
False
Is 22239 a multiple of 10?
False
Is 127192 a multiple of 24?
False
Is 143514 a multiple of 402?
True
Is 64 a factor of 139460?
False
Is 486 a factor of 405324?
True
Is 12755 a multiple of 4?
False
Is 38 a factor of 176662?
True
Is 83 a factor of 451880?
False
Is 248 a factor of 1589675?
False
Does 14 divide 40488?
True
Is 29 a factor of 226347?
False
Is 350 a factor of 3568156?
False
Is 7114563 a multiple of 87?
False
Does 138 divide 164569?
False
Does 7 divide 179151?
True
Does 14 divide 16128?
True
Is 3238132 a multiple of 12?
False
Does 5 divide 37535?
True
Does 4 divide 1082015?
False
Is 136944 a multiple of 18?
True
Is 4 a factor of 6576?
True
Does 66 divide 284064?
True
Is 12 a factor of 4037031?
False
Does 1119 divide 5051849?
False
Does 639 divide 899653?
False
Is 81424 a multiple of 9?
False
Is 268898 a multiple of 14?
True
Is 5 a factor of 166281?
False
Is 6 a factor of 147064?
False
Is 49192 a multiple of 13?
True
Is 653 a factor of 490042?
False
Is 14 a factor of 5120?
False
Is 61 a factor of 8422270?
True
Does 20 divide 38700?
True
Does 69 divide 2194683?
True
Is 20 a factor of 118481?
False
Does 376 divide 250792?
True
Is 85 a factor of 3590485?
True
Does 37 divide 62382?
True
Is 30 a factor of 13560150?
True
Does 17 divide 2440670?
False
Does 38 divide 2834002?
True
Is 846860 a multiple of 260?
False
Is 99 a factor of 473022?
True
Does 10 divide 2975370?
True
Does 7 divide 40703?
False
Does 86 divide 1392254?
True
Is 69768 a multiple of 171?
True
Does 57 divide 771570?
False
Does 60 divide 13358395?
False
Is 7948423 a multip